{"id":1698,"date":"2026-02-26T11:11:39","date_gmt":"2026-02-26T14:11:39","guid":{"rendered":"https:\/\/tutoriadiscente.ufpa.br\/?page_id=1698"},"modified":"2026-02-26T11:15:29","modified_gmt":"2026-02-26T14:15:29","slug":"7a-circular-do-v-seminario-de-projetos-educacionais-sepeduc-e-iii-seminario-institucional-integrado-do-pibid","status":"publish","type":"page","link":"https:\/\/tutoriadiscente.ufpa.br\/?page_id=1698","title":{"rendered":"7\u00aa Circular do V Semin\u00e1rio de Projetos Educacionais (SEPEDUC) e III Semin\u00e1rio Institucional Integrado do PIBID"},"content":{"rendered":"\t\t<div data-elementor-type=\"wp-page\" data-elementor-id=\"1698\" class=\"elementor elementor-1698\">\n\t\t\t\t<div class=\"elementor-element elementor-element-fc236fc e-flex e-con-boxed e-con e-parent\" data-id=\"fc236fc\" data-element_type=\"container\" data-e-type=\"container\">\n\t\t\t\t\t<div class=\"e-con-inner\">\n\t\t\t\t<div class=\"elementor-element elementor-element-d71de00 elementor-widget elementor-widget-eael-breadcrumbs\" data-id=\"d71de00\" data-element_type=\"widget\" data-e-type=\"widget\" data-widget_type=\"eael-breadcrumbs.default\">\n\t\t\t\t<div class=\"elementor-widget-container\">\n\t\t\t\t\t\t\t<div class=\"eael-breadcrumbs\">\n\t\t\t\t\t\t<div class=\"eael-breadcrumbs__prefix\">\n\t\t\t\t<a href=\"https:\/\/tutoriadiscente.ufpa.br\" class=\"eael-breadcrumbs__prefix-link\"><svg aria-hidden=\"true\" class=\"e-font-icon-svg e-fas-home\" viewBox=\"0 0 576 512\" xmlns=\"http:\/\/www.w3.org\/2000\/svg\"><path d=\"M280.37 148.26L96 300.11V464a16 16 0 0 0 16 16l112.06-.29a16 16 0 0 0 15.92-16V368a16 16 0 0 1 16-16h64a16 16 0 0 1 16 16v95.64a16 16 0 0 0 16 16.05L464 480a16 16 0 0 0 16-16V300L295.67 148.26a12.19 12.19 0 0 0-15.3 0zM571.6 251.47L488 182.56V44.05a12 12 0 0 0-12-12h-56a12 12 0 0 0-12 12v72.61L318.47 43a48 48 0 0 0-61 0L4.34 251.47a12 12 0 0 0-1.6 16.9l25.5 31A12 12 0 0 0 45.15 301l235.22-193.74a12.19 12.19 0 0 1 15.3 0L530.9 301a12 12 0 0 0 16.9-1.6l25.5-31a12 12 0 0 0-1.7-16.93z\"><\/path><\/svg><\/a>\t\t\t<\/a>\n\t\t\t<\/div>\n\t\t\t<div class=\"eael-breadcrumbs__content\"><a href=\"https:\/\/tutoriadiscente.ufpa.br\">P\u00e1gina inicial<\/a> <span class=\"eael-breadcrumb-separator\">\/<\/span> <span class = \"eael-current\">P\u00e1gina<\/span><\/div>\t\t<\/div>\n\t\t\t\t\t\t<\/div>\n\t\t\t\t<\/div>\n\t\t\t\t\t<\/div>\n\t\t\t\t<\/div>\n\t\t<div class=\"elementor-element elementor-element-8855991 e-flex e-con-boxed e-con e-parent\" data-id=\"8855991\" data-element_type=\"container\" data-e-type=\"container\">\n\t\t\t\t\t<div class=\"e-con-inner\">\n\t\t<div class=\"elementor-element elementor-element-b902252 e-con-full e-flex e-con e-child\" data-id=\"b902252\" data-element_type=\"container\" data-e-type=\"container\">\n\t\t\t\t<div class=\"elementor-element elementor-element-250adc7 elementor-widget elementor-widget-image\" data-id=\"250adc7\" data-element_type=\"widget\" data-e-type=\"widget\" data-widget_type=\"image.default\">\n\t\t\t\t\t\t\t\t\t\t\t\t\t\t\t<img fetchpriority=\"high\" decoding=\"async\" width=\"2048\" height=\"1536\" src=\"https:\/\/tutoriadiscente.ufpa.br\/wp-content\/uploads\/2025\/11\/Sepeduc-2025-Prorrogacao-1.png\" class=\"attachment-full size-full wp-image-1396\" alt=\"\" srcset=\"https:\/\/tutoriadiscente.ufpa.br\/wp-content\/uploads\/2025\/11\/Sepeduc-2025-Prorrogacao-1.png 2048w, https:\/\/tutoriadiscente.ufpa.br\/wp-content\/uploads\/2025\/11\/Sepeduc-2025-Prorrogacao-1-300x225.png 300w, https:\/\/tutoriadiscente.ufpa.br\/wp-content\/uploads\/2025\/11\/Sepeduc-2025-Prorrogacao-1-1024x768.png 1024w, https:\/\/tutoriadiscente.ufpa.br\/wp-content\/uploads\/2025\/11\/Sepeduc-2025-Prorrogacao-1-768x576.png 768w, https:\/\/tutoriadiscente.ufpa.br\/wp-content\/uploads\/2025\/11\/Sepeduc-2025-Prorrogacao-1-1536x1152.png 1536w\" sizes=\"(max-width: 2048px) 100vw, 2048px\" \/>\t\t\t\t\t\t\t\t\t\t\t\t\t\t\t<\/div>\n\t\t\t\t<\/div>\n\t\t<div class=\"elementor-element elementor-element-2fa5183 e-con-full e-flex e-con e-child\" data-id=\"2fa5183\" data-element_type=\"container\" data-e-type=\"container\">\n\t\t\t\t<div class=\"elementor-element elementor-element-375c97c elementor-widget elementor-widget-heading\" data-id=\"375c97c\" data-element_type=\"widget\" data-e-type=\"widget\" data-widget_type=\"heading.default\">\n\t\t\t\t\t<h2 class=\"elementor-heading-title elementor-size-default\">7\u00aa Circular do V Semin\u00e1rio de Projetos Educacionais (SEPEDUC) e III Semin\u00e1rio Institucional Integrado do PIBID<\/h2>\t\t\t\t<\/div>\n\t\t\t\t<div class=\"elementor-element elementor-element-dbfde7b elementor-widget elementor-widget-heading\" data-id=\"dbfde7b\" data-element_type=\"widget\" data-e-type=\"widget\" data-widget_type=\"heading.default\">\n\t\t\t\t\t<h2 class=\"elementor-heading-title elementor-size-default\">Ci\u00eancia e Vozes da Amaz\u00f4nia<\/h2>\t\t\t\t<\/div>\n\t\t\t\t<div class=\"elementor-element elementor-element-f7882fd elementor-widget elementor-widget-heading\" data-id=\"f7882fd\" data-element_type=\"widget\" data-e-type=\"widget\" data-widget_type=\"heading.default\">\n\t\t\t\t\t<h2 class=\"elementor-heading-title elementor-size-default\">Bel\u00e9m-PA, 20 de mar\u00e7o de 2026<\/h2>\t\t\t\t<\/div>\n\t\t\t\t<\/div>\n\t\t\t\t\t<\/div>\n\t\t\t\t<\/div>\n\t\t<div class=\"elementor-element elementor-element-88f322a e-flex e-con-boxed e-con e-parent\" data-id=\"88f322a\" data-element_type=\"container\" data-e-type=\"container\">\n\t\t\t\t\t<div class=\"e-con-inner\">\n\t\t\t\t<div class=\"elementor-element elementor-element-19185bc elementor-widget elementor-widget-heading\" data-id=\"19185bc\" data-element_type=\"widget\" data-e-type=\"widget\" data-widget_type=\"heading.default\">\n\t\t\t\t\t<h2 class=\"elementor-heading-title elementor-size-default\">Prorroga\u00e7\u00e3o - Chamada de publica\u00e7\u00e3o<\/h2>\t\t\t\t<\/div>\n\t\t\t\t<div class=\"elementor-element elementor-element-2a499af elementor-widget elementor-widget-text-editor\" data-id=\"2a499af\" data-element_type=\"widget\" data-e-type=\"widget\" data-widget_type=\"text-editor.default\">\n\t\t\t\t\t\t\t\t\t<p>A Pr\u00f3-Reitoria de Ensino de Gradua\u00e7\u00e3o (PROEG) da Universidade Federal do Par\u00e1 (UFPA) informa que foi prorrogado at\u00e9 o dia\u00a0<strong>23\/03\/2026<\/strong>\u00a0o prazo para submiss\u00e3o de trabalhos completos apresentados no V Semin\u00e1rio de Projetos Educacionais e III Semin\u00e1rio Institucional Integrado do PIBID.<\/p><p>Os trabalhos completos ser\u00e3o publicados em formato de e-book e devem atender \u00e0 seguinte estrutura:<\/p><ol><li>arquivo em word, com no m\u00e1ximo 10 p\u00e1ginas;<\/li><li>fonte Times New Roman, 12;<\/li><li>espa\u00e7amento simples<\/li><li>t\u00edtulo em letras mai\u00fasculas e negrito, fonte 14;<\/li><li>ap\u00f3s o t\u00edtulo, \u00e0 direita os nomes dos autores;<\/li><li>ap\u00f3s a identifica\u00e7\u00e3o dos autores, \u00e0 esquerda a identifica\u00e7\u00e3o do Programa, do projeto e da categoria do trabalho apresentado: Relato de experi\u00eancia ou Produ\u00e7\u00e3o de Material Did\u00e1tico.<\/li><li>resumo at\u00e9 400 palavras;<\/li><li>tr\u00eas a cinco palavras-chave;<\/li><li>se\u00e7\u00f5es e subse\u00e7\u00f5es do texto identificadas por numerais cardinais \u2013 1.; 2.; 2.1.; 3&#8230;&#8230;<\/li><li>refer\u00eancias de acordo com as normas da ABNT.<\/li><\/ol><p>Caso os textos contenham imagens, figuras, tabelas e\/ou quadros, devem estar identificados por numerais cardinais \u2013 Imagem 1, Figura 1, Tabela 1, Quadro 1 \u2013 e ter\u00e1 indica\u00e7\u00e3o da fonte em legenda abaixo da imagem, figura, tabela ou quadro.<\/p><p>Os textos passar\u00e3o por avalia\u00e7\u00e3o em pares e, caso necess\u00e1rio, passar\u00e3o por revis\u00e3o dos autores.<\/p><p>Os textos devem ser enviados para o e-mail\u00a0<span id=\"cloaka754458eb0477f1883be8920991a4dc1\"><a href=\"mailto:sepeduc2025@gmail.com\">sepeduc2025@gmail.com<\/a><\/span>, at\u00e9\u00a0<strong>23\/03\/2026<\/strong>, obedecendo ao\u00a0<a href=\"https:\/\/docs.google.com\/document\/d\/18rBRoc2011X1aJqf6ABTT8nHh1T0gcli\/edit?usp=sharing&amp;ouid=110969390052808181727&amp;rtpof=true&amp;sd=true\" target=\"_blank\" rel=\"noopener noreferrer\">template disponibilizado pela comiss\u00e3o organizadora do evento<\/a>.<\/p><p>Sob o tema \u201c<strong>Ci\u00eancia e Vozes da Amaz\u00f4nia<\/strong>\u201d, o evento busca promover um espa\u00e7o para socializa\u00e7\u00e3o de resultados de planos de trabalho e relatos de experi\u00eancias vivenciadas no \u00e2mbito de projetos educacionais vinculados \u00e0 PROEG, debatendo temas relacionados \u00e0 indissociabilidade entre o ensino, a pesquisa e a extens\u00e3o, \u00e0 qualidade e inova\u00e7\u00e3o nos processos de ensino e aprendizagem na Educa\u00e7\u00e3o B\u00e1sica e Superior e a articula\u00e7\u00e3o entre a Universidade e as escolas de Educa\u00e7\u00e3o B\u00e1sica.<\/p>\t\t\t\t\t\t\t\t<\/div>\n\t\t\t\t\t<\/div>\n\t\t\t\t<\/div>\n\t\t<div class=\"elementor-element elementor-element-544674e e-flex e-con-boxed e-con e-parent\" data-id=\"544674e\" data-element_type=\"container\" data-e-type=\"container\">\n\t\t\t\t\t<div class=\"e-con-inner\">\n\t\t\t\t<div class=\"elementor-element elementor-element-66a1b76 elementor-widget elementor-widget-heading\" data-id=\"66a1b76\" data-element_type=\"widget\" data-e-type=\"widget\" data-widget_type=\"heading.default\">\n\t\t\t\t\t<h2 class=\"elementor-heading-title elementor-size-default\">Anexos<\/h2>\t\t\t\t<\/div>\n\t\t\t\t<div class=\"elementor-element elementor-element-46a6d2a elementor-widget elementor-widget-text-editor\" data-id=\"46a6d2a\" data-element_type=\"widget\" data-e-type=\"widget\" data-widget_type=\"text-editor.default\">\n\t\t\t\t\t\t\t\t\t<p><a href=\"https:\/\/docs.google.com\/document\/d\/18rBRoc2011X1aJqf6ABTT8nHh1T0gcli\/edit?usp=sharing&amp;ouid=110969390052808181727&amp;rtpof=true&amp;sd=true\" target=\"_blank\" rel=\"noopener noreferrer\"><strong>Template\u00a0de Submiss\u00e3o<\/strong><\/a><\/p>\t\t\t\t\t\t\t\t<\/div>\n\t\t\t\t\t<\/div>\n\t\t\t\t<\/div>\n\t\t<div class=\"elementor-element elementor-element-52c10b8 e-flex e-con-boxed e-con e-parent\" data-id=\"52c10b8\" data-element_type=\"container\" data-e-type=\"container\">\n\t\t\t\t\t<div class=\"e-con-inner\">\n\t\t\t\t<div class=\"elementor-element elementor-element-48ff23c elementor-widget elementor-widget-spacer\" data-id=\"48ff23c\" data-element_type=\"widget\" data-e-type=\"widget\" data-widget_type=\"spacer.default\">\n\t\t\t\t\t\t\t<div class=\"elementor-spacer\">\n\t\t\t<div class=\"elementor-spacer-inner\"><\/div>\n\t\t<\/div>\n\t\t\t\t\t\t<\/div>\n\t\t\t\t<div class=\"elementor-element elementor-element-bfe5c98 elementor-widget elementor-widget-text-editor\" data-id=\"bfe5c98\" data-element_type=\"widget\" data-e-type=\"widget\" data-widget_type=\"text-editor.default\">\n\t\t\t\t\t\t\t\t\t<p>D\u00favidas e contato: <span style=\"text-decoration: underline;\"><a href=\"mailto:sepeduc2025@gmail.com\">sepeduc2025@gmail.com<\/a><\/span><\/p>\t\t\t\t\t\t\t\t<\/div>\n\t\t\t\t<div class=\"elementor-element elementor-element-0fd86de elementor-widget elementor-widget-spacer\" data-id=\"0fd86de\" data-element_type=\"widget\" data-e-type=\"widget\" data-widget_type=\"spacer.default\">\n\t\t\t\t\t\t\t<div class=\"elementor-spacer\">\n\t\t\t<div class=\"elementor-spacer-inner\"><\/div>\n\t\t<\/div>\n\t\t\t\t\t\t<\/div>\n\t\t\t\t\t<\/div>\n\t\t\t\t<\/div>\n\t\t\t\t<\/div>\n\t\t","protected":false},"excerpt":{"rendered":"<p>P\u00e1gina inicial \/ P\u00e1gina 7\u00aa Circular do V Semin\u00e1rio de Projetos Educacionais (SEPEDUC) e III Semin\u00e1rio Institucional Integrado do PIBID Ci\u00eancia e Vozes da Amaz\u00f4nia Bel\u00e9m-PA, 20 de mar\u00e7o de 2026 Prorroga\u00e7\u00e3o &#8211; Chamada de publica\u00e7\u00e3o A Pr\u00f3-Reitoria de Ensino de Gradua\u00e7\u00e3o (PROEG) da Universidade Federal do Par\u00e1 (UFPA) informa que foi prorrogado at\u00e9 o [&hellip;]<\/p>\n","protected":false},"author":1,"featured_media":0,"parent":0,"menu_order":0,"comment_status":"closed","ping_status":"closed","template":"elementor_header_footer","meta":{"footnotes":""},"class_list":["post-1698","page","type-page","status-publish","hentry"],"_links":{"self":[{"href":"https:\/\/tutoriadiscente.ufpa.br\/index.php?rest_route=\/wp\/v2\/pages\/1698","targetHints":{"allow":["GET"]}}],"collection":[{"href":"https:\/\/tutoriadiscente.ufpa.br\/index.php?rest_route=\/wp\/v2\/pages"}],"about":[{"href":"https:\/\/tutoriadiscente.ufpa.br\/index.php?rest_route=\/wp\/v2\/types\/page"}],"author":[{"embeddable":true,"href":"https:\/\/tutoriadiscente.ufpa.br\/index.php?rest_route=\/wp\/v2\/users\/1"}],"replies":[{"embeddable":true,"href":"https:\/\/tutoriadiscente.ufpa.br\/index.php?rest_route=%2Fwp%2Fv2%2Fcomments&post=1698"}],"version-history":[{"count":4,"href":"https:\/\/tutoriadiscente.ufpa.br\/index.php?rest_route=\/wp\/v2\/pages\/1698\/revisions"}],"predecessor-version":[{"id":1702,"href":"https:\/\/tutoriadiscente.ufpa.br\/index.php?rest_route=\/wp\/v2\/pages\/1698\/revisions\/1702"}],"wp:attachment":[{"href":"https:\/\/tutoriadiscente.ufpa.br\/index.php?rest_route=%2Fwp%2Fv2%2Fmedia&parent=1698"}],"curies":[{"name":"wp","href":"https:\/\/api.w.org\/{rel}","templated":true}]}}